f 8 + (-25 - -9) - (1 - (3 + 2))?
-4
What is the value of 25 + (-22 - (15 + -14)) + (-39 - 0)?
-37
What is the value of -1 + 3 + -3 + -4 + (11 - 3)?
3
Calculate 1 + -10 - (11 - (19 + -7) - 3).
-5
Calculate (16 - (-8 + 2 - -6)) + (-5 - 2).
9
(-2 - 4) + 15 + -10 + 8
7
What is the value of (-4 - (-2 + 9 + -14)) + 4 - -1?
8
-2 + 5 - (-11 + (7 - -3) + 2)
2
What is the value of 1 + 2 - (3 + 13) - (6 - 2)?
-17
-26 - (-17 + 17) - -14
-12
1 + -8 - (9 - (1 + 4 + 7))
-4
What is the value of (-2 - -10) + 5 - (11 + -4)?
6
What is 29 + -1 - (27 + -22)?
23
(1415 - 1468) + 20 + -1
-34
(6 - 1) + (21 - 26) + 1 + -1
0
What is 1 - 0 - 14 - (-552 + 558)?
-19
Evaluate 37 - (-3 - (17 - 21)).
36
What is the value of 14 + 16 + -10 + -20?
0
Evaluate -23 + 16 + 11 + -1.
3
Calculate 4 + 2 + -3 + 64 + -45.
22
What is 14 + 0 + (0 - (5 - 0) - 1)?
8
Evaluate 0 - (-26 - (-1 + -9)).
16
Calculate 15 + 17 - (31 - 15).
16
What is the value of 8 + (-25 - (31 - 27))?
-21
Calculate 2 + 5 + -3 + -3 + -6 + -9.
-14
What is 4 + -1 - (-4 - -18 - 18)?
7
What is -10 - 4 - (19 - 27) - 4?
-10
What is the value of 19 - (8 - (10 - 7))?
14
What is -24 - (-17 - -19 - (-4 + 7 + -6))?
-29
-10 - ((8 - (35 - 17)) + 6)
-6
What is the value of (-14 - (-13 - -10)) + 10?
-1
Evaluate -8 + (16 - (11 - 0) - 2).
-5
Evaluate -5 - -5 - (66 - 79).
13
Calculate -14 + 14 + -1 + -2 + (2 - 9).
-10
Calculate 17 + -5 + -5 + -18.
-11
What is the value of -8 - (2 + -5 - (-4 - 7) - -6)?
-22
Evaluate -1 - (-5 - (-8 - -2) - (-6 + 8)).
0
Evaluate (-13 - -10) + -2 + (-2 - 2).
-9
5 + (8 - (2 + -8)) - -2
21
What is 0 + 0 + (-179 - -194)?
15
Evaluate (-4 - (-3 + (1 - -9))) + 27.
16
What is the value of -3 - -18 - (54 - 43)?
4
Evaluate 3 + 19 - (5 - 0) - -1.
18
What is (-57 - -25 - -21) + (1 - -27)?
17
(-5 - -5) + -15 + 24 - 3
6
What is -3 + -5 + 17 + -3 - 14?
-8
1 + (-2 - 4) - 9 - (3 + 0)
-17
Calculate 1 + 1 + (4 - (11 - 2)).
-3
Evaluate (-19 - (5 - 3 - 8)) + 4.
-9
-16 + (-6 + 12 + 1 - (13 - 7))
-15
38 - (37 + -18 + 32)
-13
(-2 - -1) + 18 + -15 + 21 + -6
17
What is -9 + 6 + 8 + (1 + -4 - -3)?
5
Calculate 4 + (-4 - (3 + (-7 - 1))).
5
(19 + -15 - -14 - -7) + (-11 - -1)
15
-2 - (-9 - -22) - -1
-14
Evaluate 9 - (3 - 4 - (-5 - 4)).
1
Evaluate (-10 - 18) + (-6 - (3 + -10) - -1).
-26
Calculate 17 - (41 - 21) - -9.
6
Calculate (-11 - -7) + (3 - 9 - -15 - 4).
1
What is the value of -17 + (9 - (0 + -4))?
-4
Evaluate (2 + 1 - -15) + (-3 - (-1 + 4)).
12
Evaluate 24 - (39 + 4) - -18.
-1
(-42 - (47 - 40)) + 58
9
What is 4 + -2 - (6 + 0 + -4 - 4)?
4
What is 265 + -271 + (-10 - (1 + -1))?
-16
Calculate 21 - 17 - (5 - 4) - (17 + 1).
-15
Evaluate (0 - 1) + (-3 - -1 - -8) + -22.
-17
What is 7 - (14 + (-1 - -1))?
-7
Evaluate (5 - -2) + -229 + 218.
-4
Calculate (-1 - -5) + 36 + 14 + -64.
-10
What is (-8 - -4) + (25 - 20) - (-8 + 0)?
9
(10 + -11 - -17) + -10 + (4 - 2)
8
What is (1 - 10) + (2 - 0) - (1612 + -1638)?
19
What is the value of 25 + (-1 - 2) - (-13 + 3 + 6)?
26
What is the value of 1 + 4 + (-5 - (0 + 4 + 0))?
-4
Calculate (-6 - -6) + 4 + -1 + -11.
-8
What is 6 + -8 + (-13 - -2) + -1?
-14
What is the value of (-17 - (-10 + 6)) + (-1 - -5) + -2?
-11
Calculate -21 - (16 - (51 + -18)).
-4
-27 + 37 - (7 + 8)
-5
What is -9 + 14 + (0 - -2)?
7
Evaluate (6 - 23) + 0 + 11 + -8.
-14
Evaluate -14 + -25 + 32 + -3.
-10
What is the value of -5 - (1 + -19 + -359 + 373)?
-1
-11 - (-2 - 2) - (-3 + 0) - 7
-11
Calculate 12 + (-33 - -18) + -11.
-14
(13 - (-3 - -9)) + -18 + 13
2
Calculate -9 + (8 - (7 + -9 + 26)).
-25
Evaluate -3 + (9 + 0 + -7 - (7 + 16)).
-24
What is 4 + (-5 - 2) + 2 + -5 - 5?
-11
What is the value of (-43 - 2) + (137 + -144 - (-1 - 13))?
-38
What is 10 - (0 - -2) - (201 + -211)?
18
-5 + (-18 - (-15 + -12))
4
Evaluate (12 - (9 - 5) - (-3 - -8)) + 0.
3
-7 + (-2 + 8 - -1 - (7 + -5))
-2
Evaluate 30 + (-38 - -20) + -15.
-3
1 + -13 - (-18 - (-16 + 8) - -4)
-6
What is the value of (-5 - 6 - (9 - 20)) + -1?
-1
Calculate (-44 - -45) + (-25 - (9 + -8)).
-25
What is the value of -7 + (-1 + 14 + -10 - -27)?
23
Evaluate 4 - (11 + (5 - 0)).
-12
What is 29 + -13 + -7 + 3?
12
What is the value of -7 + -1 + 6 + (2 + 6 - 9)?
-3
15 + (16 - 24) + (-2 - 1)
4
Evaluate 1 + (-11 - 3 - -19) + -41.
-35
What is the value of 8 - (33 + (15 - 24))?
-16
What is the value of (3 - 5) + -6 + 1 + 2?
-5
-747 + 720 - (-1 + -11)
-15
What is the value of -11 + 16 + (0 - -5) - -19?
29
Evaluate 11 + -7 + (0 + -19 + -4 - -6).
-13
What is the value of (-1 - 0) + -13 + 42 + -15 + 12?
25
What is the value of -5 + (12 + -18 - 3)?
-14
What is the value of 18 - (15 + 1 + -11 + -3)?
16
Evaluate (-6 - -10) + -15 + -5 + (4 - 3).
-15
Evaluate -21 + -11 + 19 - (-2 - 1).
-10
15 - ((-2 - 5) + (22 - 15))
15
Calculate -15 + (11 + (-1 - 9) - -3).
-11
11 + -14 + (-12 - 0) - -13
-2
What is the value of -2 + (3 - (18 + -11))?
-6
What is -1 + -22 + 10 - (-2 - (5 + 0))?
-6
What is 2 + -8 + 4 + -5 + 3 - -16?
12
Evaluate (26 - 8) + (3 + -13 - -10).
18
Calculate -2 - (13 + -15 + (1 - 0) + 5).
-6
Evaluate -16 + (4 - (-6 + -5)) + -8.
-9
What is (18 - 26) + (11 - 1)?
2
Calculate (4 - -19) + -18 + -1 + -6.
-2
-9 - (4 + -3 + -1) - -17
8
Calculate 11 + 2 + 5 + -3 + 0 + -5.
10
-4 + 6 + (-129 - -111)
-16
What is the value of (10 - 18) + 4 - (-5 + 0)?
1
Evaluate -16 + (-22 - (-46 + 13)).
-5
Evaluate 4 + (-9 + 0 - (-10 - -3)).
2
Calculate -40 + -5 + (36 - 13) - -16.
-6
Calculate (-25 - -29 - (-2 + 12)) + -20 + 2.
-24
Evaluate (0 - 18) + 5 + (242 - 223).
6
Evaluate -18 + 17 - -9 - -10.
18
What is the value of (7 - (23 - -7)) + -8?
-31
What is the value of -13 + (-18 + 0 + (6 - -1) - -10)?
-14
Calculate (36 + -15 - 12) + (-9 - 2) + -8.
-10
What is the value of 14 + (-11 - 19) + -2 + -1?
-19
88 + -63 + -3 + -9
13
Evaluate -2 + -1 - -12 - -3.
12
What is 8 + 2 + (-3 - 4)?
3
What is 0 - (0 - 0) - (103 - 57 - 45)?
-1
Calculate 19 + -15 + -7 - -4.
1
What is the value of 7 + (56 - 2) - 26?
35
17 + -19 + 25 - 13
10
Evaluate 7 + (2 - -6) + -97 + 94.
12
What is -13 + (3 - -5) + 8 + 7?
10
Evaluate (3 - -1) + (0 + 4 + -48 - -11).
-29
-16 + -114 + 113 + -1 + -5
-23
Evaluate -12 - (-15 + 22 + 8 - 9).
-18
13 + -15 + -3 - 13
-18
What is 8 + 2 + -5 - (-16 + 24)?
-3
-1 - 5 - (101 + -96)
-11
-4 - (-13 + (7 - 1)) - 1
2
Evaluate -5 + -1 - -19 - (1 - -8).
4
Evaluate (-7 - 2) + 7 + -2 + 3 - 10.
-11
Calculate -20 + (-3 - -2) - 1 - (293 + -290).
-25
Evaluate -10 + (2 - 8) - (0 - 5 - 1).
-10
What is the value of 0 - -2 - (-11 + 2 + 0)?
11
What is the value of -22 + 22 - (-3 + 2 + 17 + 1)?
-17
Calculate 21 + -16 + (-5 + 9 - 2 - -6).
13
Evaluate -1 + (-4 - (12 - -3)).
-20
What is 9 + (1 + 4 - 7)?
7
What is (3 - (0 - 4)) + -10?
-3
(0 + 0 - (-5 - (10 - 13))) + -3
-1
Calculate -15 + (-11 - -5 - -6).
-15
What is (6 - (1 + 2 - (-15 - -6))) + 4?
-2
Calculate 17 + -1 + (17 - 26).
7
74 + -50 + -31 - (1 - (39 - 0))
31
Calculate (3 - -5) + (10 - 10) + (20 - 1).
27
Calculate (-14 - (-14 + 8 + -5)) + -8.
-11
What is the value of (-16 - (-10 + 0)) + (5 - 1)?
-2
Evaluate -15 - ((-20 - -35) + 5).
-35
What is -9 + -26 - -23 - -15?
3
6 - (28 + -7 + -6)
-9
What is 7 + -2 - (18 + 19 + -25)?
-7
What is (3 - (-14 + 26)) + (-1 - (-1 - 1))?
-8
What is 31 + -34 - ((-1 - 0) + (4 - -1))?
-7
What is the value of (-48 + 47 - (-9 + 0)) + -10?
-2
Evaluate -64 + 71 + (8 - -1 - 0).
16
-9 - ((-27 - -21) + -14)
11
What is the value of ((-11 - -24) + -3 + -3 - 0) + -10?
-3
Evaluate -2 - (5 + -2 - 4 - -5).
-6
What is the value of 2 - 13 - (-461 - -442)?
8
Calculate (5 - 12 - -3) + (4 - (-28 + 5)).
23
Evaluate -6 + 1 - -5 - -21 - 9.
12
Evaluate -16 + (25 - 31) + 6.
-16
Calculate (7 - (11 - 14) - 11) + -6 + 2.
-5
What is 0 + -26 - (2112 - 2155)?
17
What is the value of 9 - (0 + 9 + -19 + 24 + -17)?
12
What is 38 - (20 - -1) - 12?
5
What is the value of -19 + -2 + 7 + -5 + 6 + 2?
-11
Calculate 1085 - 1060 - (2 + 0).
23
2 + 1 + 3 + (16 - (-1 - 3))
26
Evaluate 24 - -8 - ((29 - 18) + -15).
36
Calculate (-4 + -2 - -13) + (-6 - -2).
3
What is -96 + 109 + -7 + 10?
16
What is 6 - 6 - (15 + (4 - 11))?
-8
What is -4 - (-3 - ((-3 - 10) + (0 - -5)))?
-9
Evaluate -11 + 12 + 7 - 0.
8
7 - (-10 + 7 + (1 + -1 - 3))
13
Calculate 11 + -4 + 2 + 7 - -6.
22
Calculate -12 - ((-3 - 0) + (-13 - -15)).
-11
(-10 - 0) + (59 - 43)
6
What is the value of -16 + (-10 - (21 - 25))?
-22
What is (22 - 1) + (-23